413
What is 331a (base 12) in base 5?
140023
What is 13213 (base 5) in base 3?
1110012
Convert -183a (base 16) to base 10.
-6202
Convert -44860 (base 9) to base 7.
-153030
What is -474 (base 9) in base 16?
-187
Convert -463 (base 11) to base 14.
-2b7
What is 38a7 (base 13) in base 4?
1332100
-11101000 (base 2) to base 8
-350
688 (base 11) to base 5
11242
What is 1259 (base 12) in base 15?
940
-30131 (base 6) to base 8
-7547
What is -170 (base 14) in base 4?
-10212
-1838 (base 9) to base 16
-584
What is 130141 (base 5) in base 13?
23b2
-1011002121 (base 3) to base 16
-588d
What is 61276 (base 9) in base 15?
be36
Convert -10000000001100 (base 2) to base 8.
-20014
What is -2156 (base 8) in base 2?
-10001101110
Convert 4 (base 15) to base 4.
10
What is 49e (base 15) in base 4?
100121
What is -13383 (base 9) in base 12?
-52b6
What is -20500 (base 7) in base 12?
-2b07
Convert 11110 (base 4) to base 12.
244
What is -111010110111 (base 2) in base 15?
-11b2
Convert -36138 (base 9) to base 10.
-24173
Convert -20844 (base 9) to base 11.
-a415
309 (base 14) to base 8
1125
Convert -204 (base 7) to base 2.
-1100110
Convert -1611 (base 10) to base 7.
-4461
-2111120 (base 3) to base 14
-944
What is -443301 (base 5) in base 8?
-36133
Convert -21322 (base 4) to base 2.
-1001111010
-12 (base 14) to base 16
-10
What is d08 (base 15) in base 10?
2933
Convert 120223 (base 4) to base 14.
80b
Convert -52460 (base 7) to base 2.
-11001010000001
Convert 435 (base 8) to base 3.
101120
201464 (base 7) to base 15
a1ee
Convert 104 (base 12) to base 9.
174
What is 11610 (base 8) in base 2?
1001110001000
What is 101111110110 (base 2) in base 12?
1932
Convert 111 (base 3) to base 11.
12
What is 1334 (base 10) in base 3?
1211102
Convert -25662 (base 10) to base 2.
-110010000111110
Convert -2255 (base 6) to base 16.
-21b
Convert -444603 (base 7) to base 12.
-39519
What is -6ae6 (base 15) in base 2?
-101100010111100
e740 (base 16) to base 2
1110011101000000
Convert 101101101 (base 2) to base 10.
365
Convert -422 (base 10) to base 4.
-12212
-b194 (base 14) to base 10
-30510
1105 (base 12) to base 15
852
Convert 3331 (base 5) to base 3.
122021
-44143 (base 5) to base 16
-be8
-14c1 (base 14) to base 4
-321301
What is 33405 (base 11) in base 10?
48405
Convert 3113 (base 4) to base 3.
21222
-135b (base 16) to base 14
-1b3d
16556 (base 8) to base 5
220114
Convert 22251 (base 6) to base 16.
c37
What is -10000110111 (base 2) in base 13?
-650
Convert 10050 (base 7) to base 5.
34221
What is 5693 (base 11) in base 14?
2a27
Convert 731 (base 11) to base 2.
1101110001
11213 (base 7) to base 8
5444
What is 33424 (base 5) in base 4?
210330
-187d (base 16) to base 5
-200034
Convert -5545 (base 6) to base 10.
-1289
Convert -4826 (base 12) to base 16.
-1f9e
Convert -1208a (base 11) to base 16.
-43f9
Convert 30032030 (base 4) to base 12.
24b78
-51 (base 12) to base 8
-75
Convert -133030 (base 4) to base 16.
-7cc
What is 5581 (base 10) in base 8?
12715
Convert -a161 (base 13) to base 6.
-250510
-1011010101 (base 2) to base 16
-2d5
What is -11110001 (base 2) in base 8?
-361
Convert -8d (base 16) to base 3.
-12020
-35c2 (base 14) to base 12
-551a
What is -211221 (base 4) in base 12?
-1489
-267 (base 15) to base 6
-2311
-276 (base 11) to base 6
-1301
a98 (base 14) to base 8
4056
Convert 5d97 (base 15) to base 4.
10313212
27859 (base 12) to base 11
38189
-12821 (base 11) to base 12
-a706
-31 (base 7) to base 2
-10110
-57 (base 13) to base 12
-60
Convert -114451 (base 6) to base 16.
-277f
Convert 409 (base 14) to base 7.
2212
What is -120440 (base 5) in base 6?
-32451
What is 525 (base 11) in base 13?
398
What is -1084 (base 10) in base 13?
-655
68b (base 14) to base 11
a81
6660 (base 12) to base 10
11304
317 (base 14) to base 9
746
Convert 12870 (base 9) to base 8.
21032
Convert -41740 (base 8) to base 2.
-100001111100000
What is -135 (base 6) in base 16?
-3b
What is -990a (base 13) in base 15?
-64a4
What is -2101200120 (base 3) in base 2?
-1011100000110101
121333 (base 4) to base 14
86b
Convert 11022 (base 4) to base 11.
280
What is -3776 (base 13) in base 10?
-7871
-5c94 (base 13) to base 11
-9960
Convert -24631 (base 11) to base 9.
-53455
Convert 14321 (base 5) to base 4.
102323
200323 (base 4) to base 10
2107
What is -1000122101 (base 3) in base 5?
-1121102
What is -2b2b (base 15) in base 4?
-2100302
-3221 (base 4) to base 9
-278
3250 (base 8) to base 14
89a
Convert 101221 (base 5) to base 9.
4478
Convert -384 (base 12) to base 7.
-1360
13200003 (base 4) to base 10
30723
What is -311013 (base 4) in base 5?
-102044
What is 5909 (base 11) in base 13?
36b5
33 (base 9) to base 7
42
What is -1010212 (base 3) in base 13?
-4c1
What is 913b (base 12) in base 7?
63620
Convert -408 (base 12) to base 16.
-248
Convert -1001300 (base 4) to base 13.
-1bb9
20794 (base 11) to base 5
1431412
What is -1100000110001 (base 2) in base 4?
-1200301
What is 2150 (base 11) in base 9?
3803
Convert -4443 (base 5) to base 8.
-1157
-1a18 (base 13) to base 16
-f44
What is -2503 (base 6) in base 4?
-21213
101d0 (base 14) to base 9
58184
What is -360c (base 14) in base 7?
-36315
-1032123 (base 4) to base 16
-139b
-14a52 (base 11) to base 2
-101001011110000
25006 (base 10) to base 9
37264
Convert -144a (base 11) to base 3.
-2120020
What is 12666 (base 10) in base 2?
11000101111010
Convert -227117 (base 8) to base 10.
-77391
Convert 4057 (base 9) to base 7.
11440
What is -2b1 (base 14) in base 11?
-458
-53604 (base 7) to base 3
-200021210
What is 131055 (base 6) in base 7?
46511
-190 (base 16) to base 14
-208
-18566 (base 9) to base 5
-402413
Convert 120011011 (base 3) to base 8.
25447
What is 26272 (base 8) in base 3?
120201002
Convert -bcca (base 14) to base 13.
-11b76
Convert -202333 (base 6) to base 4.
-3323301
Convert -1047 (base 8) to base 5.
-4201
What is 13463 (base 10) in base 3?
200110122
What is -11c (base 13) in base 3?
-21012
-10200 (base 5) to base 3
-221000
What is 14230 (base 8) in base 16?
1898
213c (base 13) to base 14
1978
What is 35a (base 16) in base 9?
1153
Convert -181 (base 12) to base 4.
-3301
What is 11200011 (base 3) in base 15?
1021
What is -522d (base 14) in base 12?
-8235
What is 100213112 (base 4) in base 2?
10000100111010110
-2176 (base 9) to base 7
-4455
62005 (base 7) to base 9
22634
Convert 1504 (base 6) to base 10.
400
What is 100001001100 (base 2) in base 8?
4114
What is -22453 (base 7) in base 10?
-5722
What is 2930 (base 14) in base 8?
16176
-755 (base 9) to base 4
-21221
-874 (base 10) to base 5
-11444
What is 1000202211 (base 3) in base 2?
100111100010101
What is -29 (base 12) in base 6?
-53
What is 103 (base 7) in base 6?
124
-1200034 (base 5) to base 10
-21894
-2242 (base 9) to base 3
-2021102
What is d2 (base 15) in base 13?
122
Convert 50314 (base 11) to base 4.
101331233
Convert 53050 (base 8) to base 10.
22056
Convert -4663 (base 11) to base 15.
-1c2e
What is 122001 (base 5) in base 15?
1586
431134 (base 5) to base 2
11100011010000
What is 2329 (base 14) in base 8?
13741
7686 (base 9) to base 6
42123
What is 178 (base 13) in base 14?
152
What is -1122201020 (base 3) in base 12?
-16a43
102024 (base 6) to base 11
61a7
Convert 111001 (base 5) to base 14.
15ac
20121 (base 6) to base 2
101001010001
-451 (base 11) to base 12
-390
Convert -caa1 (base 15) to base 12.
-209b1
Convert -1011001000111110 (base 2) to base 5.
-2430010
-cbc (base 14) to base 12
-155a
-20210112 (base 4) to base 15
-a5e9
10112010 (base 3) to base 6
15520
What is -11001100 (base 2) in base 11?
-176
-1267 (base 9) to base 10
-952
Convert -195 (base 16) to base 7.
-1116
What is -36e (base 15) in base 12?
-54b
10110 (base 7) to base 16
999
Convert -240043 (base 6) to base 5.
-1131023
Convert -3081 (base 11) to base 4.
-333302
Convert 1043 (base 5) to base 9.
174
Convert 605 (base 9) to base 16.
1eb
Convert 123331 (base 5) to base 15.
167b
Convert -42566 (base 7) to base 11.
-7a51
-66b (base 13) to base 6
-5035
Convert -33613 (base 8) to base 5.
-423334
What is 417 (base 10) in base 13?
261
-585a (base 11) to base 6
-55332
What is 80a9 (base 11) in base 2?
10101000001111
2201200 (base 3) to base 15
8c9
Convert -53253 (base 7) to base 16.
-3372
1279 (base 10) to base 11
a63
Convert 31a (base 16) to base 4.
30122
1266 (bas